False
Is 326701 composite?
False
Is 34657 a composite number?
True
Is 361529 prime?
False
Is 11065 composite?
True
Is 18191 a composite number?
False
Is 90349 a composite number?
True
Is 114809 a composite number?
False
Is 149099 a prime number?
True
Is 2019 a composite number?
True
Is 144629 a prime number?
True
Is 5791 a composite number?
False
Is 942079 prime?
True
Is 42739 prime?
False
Is 11213 a prime number?
True
Is 74959 prime?
True
Is 2417 prime?
True
Is 94873 composite?
False
Is 243047 composite?
True
Is 2785 prime?
False
Is 36251 a prime number?
True
Is 17421 a prime number?
False
Is 986903 a prime number?
True
Is 14051 composite?
False
Is 626351 a prime number?
False
Is 3967 a composite number?
False
Is 4727 a composite number?
True
Is 957065 composite?
True
Is 52229 composite?
True
Is 60893 composite?
True
Is 140977 prime?
True
Is 1741 a prime number?
True
Is 253531 a prime number?
True
Is 72017 composite?
True
Is 6143 composite?
False
Is 206059 a composite number?
True
Is 2581843 prime?
False
Is 1597 prime?
True
Is 32081 a prime number?
False
Is 471533 composite?
False
Is 8663 composite?
False
Is 8999 a prime number?
True
Is 210439 composite?
True
Is 31469 composite?
False
Is 24593 composite?
False
Is 101267 composite?
False
Is 4458337 composite?
True
Is 12451 a composite number?
False
Is 38431 a prime number?
True
Is 65981 composite?
False
Is 54427 a composite number?
True
Is 4049 composite?
False
Is 60737 a prime number?
True
Is 15241 a composite number?
False
Is 33721 composite?
False
Is 57839 a composite number?
False
Is 20053 prime?
False
Is 2833 composite?
False
Is 24067 a prime number?
False
Is 17569 a composite number?
False
Is 130063 a composite number?
True
Is 24946 prime?
False
Is 31 composite?
False
Is 6733 composite?
False
Is 40142 prime?
False
Is 2321 a prime number?
False
Is 142271 prime?
True
Is 25439 a composite number?
False
Is 57037 a prime number?
True
Is 3805463 a prime number?
True
Is 183647 a prime number?
False
Is 415253 composite?
False
Is 128665 a composite number?
True
Is 17077 a composite number?
False
Is 1298611 a prime number?
True
Is 24065 composite?
True
Is 3571 a prime number?
True
Is 72339 a composite number?
True
Is 166003 a composite number?
True
Is 28349 a composite number?
False
Is 25478 composite?
True
Is 2203 a prime number?
True
Is 26317 a prime number?
True
Is 15493 a prime number?
True
Is 78623 a prime number?
True
Is 1399 a composite number?
False
Is 2486681 prime?
True
Is 736577 composite?
False
Is 607301 composite?
False
Is 6502 a prime number?
False
Is 7433 prime?
True
Is 114629 composite?
True
Is 141157 a prime number?
True
Is 10193 a composite number?
False
Is 2181577 composite?
False
Is 17443 a prime number?
True
Is 190243 prime?
True
Is 14401 prime?
True
Is 3587 a composite number?
True
Is 2771 prime?
False
Is 166241 a composite number?
True
Is 1005317 a prime number?
True
Is 18251 a prime number?
True
Is 16546 prime?
False
Is 2161 a composite number?
False
Is 563 a composite number?
False
Is 1104511 a composite number?
False
Is 871495 prime?
False
Is 1293 composite?
True
Is 92593 a composite number?
False
Is 52031 composite?
True
Is 142697 a composite number?
False
Is 106094 prime?
False
Is 17539 a composite number?
False
Is 56845 a composite number?
True
Is 8551 a prime number?
False
Is 15571 composite?
True
Is 2099 prime?
True
Is 93965 a prime number?
False
Is 142819 prime?
False
Is 349291 a prime number?
True
Is 803081 a prime number?
False
Is 76267 composite?
True
Is 29629 a prime number?
True
Is 14683 composite?
False
Is 84377 a prime number?
True
Is 96847 composite?
False
Is 641 composite?
False
Is 24169 prime?
True
Is 600598 a composite number?
True
Is 265957 prime?
True
Is 308949 a composite number?
True
Is 185485 a composite number?
True
Is 54269 a composite number?
False
Is 164617 composite?
False
Is 67211 a prime number?
True
Is 42649 prime?
True
Is 5857 composite?
False
Is 53069 a prime number?
True
Is 13411 prime?
True
Is 4618 a prime number?
False
Is 7249 composite?
True
Is 526351 a composite number?
True
Is 10499 a prime number?
True
Is 483583 prime?
False
Is 10033 a prime number?
False
Is 321931 a prime number?
False
Is 2353983 composite?
True
Is 41843 a composite number?
False
Is 195419 a prime number?
False
Is 289022 a composite number?
True
Is 21763 a prime number?
False
Is 1569041 a composite number?
True
Is 2451151 prime?
True
Is 1477841 a prime number?
False
Is 170301 a composite number?
True
Is 47417 prime?
True
Is 32989 a composite number?
True
Is 81941 a composite number?
True
Is 6731 prime?
False
Is 5779 a composite number?
False
Is 2357549 a prime number?
True
Is 148021 a composite number?
False
Is 586 a composite number?
True
Is 863369 prime?
False
Is 317651 composite?
False
Is 15187 a composite number?
False
Is 1007 composite?
True
Is 9183 a composite number?
True
Is 386471 a composite number?
False
Is 41441 a composite number?
True
Is 12539 a prime number?
True
Is 188491 prime?
True
Is 298 a composite number?
True
Is 799923 a composite number?
True
Is 2196223 a composite number?
True
Is 4835 a prime number?
False
Is 145283 a composite number?
False
Is 154931 prime?
False
Is 15511 composite?
False
Is 1646003 composite?
True
Is 140291 composite?
True
Is 2723 composite?
True
Is 31567 a prime number?
True
Is 9103 composite?
False
Is 4441 a composite number?
False
Is 59467 composite?
False
Is 17653 a composite number?
True
Is 57977 composite?
False
Is 2243 prime?
True
Is 87155 a prime number?
False
Is 67567 composite?
False
Is 4333 a prime number?
False
Is 77111 a prime number?
False
Is 2338683 composite?
True
Is 28327 composite?
True
Is 99217 a composite number?
True
Is 471 a prime number?
False
Is 377873 composite?
False
Is 21427 composite?
True
Is 3989 prime?
True
Is 13049 a composite number?
False
Is 165757 composite?
True
Is 35597 a composite number?
False
Is 14474 a prime number?
False
Is 50951 composite?
False
Is 24691 prime?
True
Is 37231 a composite number?
True
Is 19769 prime?
False
Is 92107 prime?
True
Is 14281 a prime number?
True
Is 8663 a composite number?
False
Is 230441 a prime number?
False
Is 58021 a composite number?
True
Is 80435 prime?
False
Is 122002 prime?
False
Is 70867 composite?
False
Is 98179 composite?
False
Is 157711 a prime number?
False
Is 2843 a composite number?
False
Is 98179 a composite number?
False
Is 193717 composite?
True
Is 11177 a composite number?
False
Is 73277 composite?
False
Is 923 composite?
True
Is 180713 composite?
True
Is 479861 prime?
True
Is 213349 composite?
False
Is 42953 prime?
True
Is 960329 a composite number?
False
Is 107897 a prime number?
True
Is 355295 prime?
False
Is 912967 a composite number?
True
Is 4321 a composite number?
True
Is 16801 a composite number?
True
Is 363143 a prime number?
False
Is 2609 a prime number?
True
Is 96821 a prime number?
True
Is 16253 prime?
True
Is 34297 a composite number?
False
Is 2112151 a composite number?
False
Is 96377 a composite number?
False
Is 51407 prime?
True
Is 627457 a prime number?
False
Is 4559 a composite number?
True
Is 28201 prime?
True
Is 41281 prime?
True
Is 31399 composite?
True
Is 430097 prime?
False
Is 127613 composite?
True
Is 214603 prime?
True
Is 58409 prime?
False
Is 17657 composite?
False
Is 1309517 a composite number?
True
Is 405293 composite?
True
Is 9953 a prime number?
False
Is 32173 a prime number?
True
Is 1901 prime?
True
Is 11217 a composite number?
True
Is 6503 a prime number?
False
Is 96001 prime?
True
Is 265649 composite?
True
Is 35251 a prime number?
True
Is 30779 a prime number?
False
Is 1350955 composite?
True
Is 13963 a composite number?
False
Is 566057 a composite number?
False
Is 26597 a prime number?
True
Is 524641 a composite number?
True
Is 26339 prime?
True
Is 331633 prime?
False
Is 58445 a composite number?
True
Is 10061 a composite number?
False
Is 6101 composite?
False
Is 2658439 a composite number?
True
Is 8009 prime?
True
Is 694079 prime?
True
Is 117677 composite?
True
Is 80635 a composite number?
True
Is 123001 a prime number?
True
Is 105461 composite?
True
Is 27523 a prime number?
False
Is 2425551 prime?
False
Is 52474 a composite number?
True
Is 51787 a prime number?
True
Is 54235 composite?
True
Is 27368